 21*r**2/2 + 21*r. List the prime factors of p(-4).
3, 5, 7
Let f(x) = 11*x**3 - 6*x**2 + 17*x - 2. Let l be f(2). Suppose 2*r = 4*r + 156. Let s = l - r. What are the prime factors of s?
2, 3, 29
Let b(o) = 160*o**2 - o - 1. Suppose -5*l = -2*j + 4, -41*j + 8 = -37*j - 5*l. What are the prime factors of b(j)?
7, 13
Let d = -305 + 250. What are the prime factors of (-23805)/d - (-2)/11?
433
Let n be (32 + 3)*(-9)/((-378)/12). List the prime factors of 4190/n + (-6)/(-2).
2, 211
Suppose -274935 = -3*o + 10*a - 9*a, 0 = -4*o - 4*a + 366564. List the prime factors of o.
2, 3, 7, 1091
Suppose -4*z - 24088 = -4*r, -z = r - 2517 - 3501. List the prime factors of (4 + -7)*(r/(-15))/7.
2, 43
Let c = 115 + -114. Let t be ((7 + 110)/(-3))/(c/7). Let k = -160 - t. List the prime factors of k.
113
Let a = -9 - -14. Suppose -a*o + 52 - 122 = 0. Let m(t) = t**2 + 10*t - 4. What are the prime factors of m(o)?
2, 13
Let o(b) = 4588*b - 1566. What are the prime factors of o(2)?
2, 5, 761
Suppose -4*h - 15 = -5*h. Suppose h*g - 2002 = -11*g. What are the prime factors of g?
7, 11
Let h(q) = q**3 + 16*q**2 - 16*q + 32. Let v be h(-17). What are the prime factors of (-6)/(v/((-5580)/8))?
3, 31
Let d(m) = -715*m + 725*m + m**2 + m**2 - m**3 + 60 - 17*m**2. What are the prime factors of d(-17)?
2, 3, 13
Let i(x) be the third derivative of x**5/12 - 29*x**4/24 - x**3/3 - 39*x**2 + 78. Let w be 52/6 - (-4)/(-6). What are the prime factors of i(w)?
2, 43
Suppose -z - 3*z = h + 11, -3*z = 12. Suppose 0 = 10*i - h*i + 2450. Let n = -317 - i. List the prime factors of n.
173
Let y(n) = -8*n**3 - 102*n**2 + 25*n + 19. What are the prime factors of y(-18)?
13177
Suppose -4*q = -3 + 23. Let n(h) = -h**3 - 2*h**3 - 11*h - h**3 + 5*h**3 - 38*h**2 + 42*h**2 - 5. What are the prime factors of n(q)?
5
Suppose -4*u - 16 = 0, -20*l + 5*u + 140 = -24*l. List the prime factors of l/105 - 2599/(-7).
7, 53
Let g be 40/((6/(-48))/(1 + -2)). Suppose -g - 543 = -t. Suppose -6*q + 7*q - t = -5*f, 0 = q + 2. List the prime factors of f.
173
Suppose 42*j - 45*j = 123. Let m = j + 44. Suppose 8*n - 125 = m*n. What are the prime factors of n?
5
List the prime factors of -9*(-3227)/4 + 12/(-32)*2.
2, 3, 5, 11
Suppose 667 - 2882 = -5*w + 5*b, 2179 = 5*w + 4*b. Suppose s + 2*v - 5 = 0, 16*v - 14*v + 16 = 2*s. Suppose -1143 - w = -s*x. List the prime factors of x.
2, 113
Let w(b) = -b**3 + 36*b**2 - 32*b - 48. Let c = -650 + 685. What are the prime factors of w(c)?
3, 19
Let c be 12/42 + 3 + 7052/14. Let t = c + -205. List the prime factors of t.
2, 151
Let r(a) be the first derivative of a**6/90 - a**5/20 - a**4/12 + 20*a**3/3 + 18. Let j(k) be the third derivative of r(k). List the prime factors of j(5).
2, 17
Let f(y) = 667*y**3 - 5*y**2 + y + 6. List the prime factors of f(2).
2, 11
Let g be 5 + 13/((-13)/(-10)). Suppose 0*m = -3*m + g. Suppose -4*u + m*h + 256 = -u, u - 4*h = 83. List the prime factors of u.
3, 29
Suppose 0 = -3*w + 2*r + 786, w + w - 524 = -3*r. Let y = -1247 - -1247. Suppose -2*o + y*o = 4*x - w, -x - 4*o = -69. List the prime factors of x.
5, 13
Let m(s) = 3 + 0 - 5*s + 2. Let v = -505 - -501. List the prime factors of m(v).
5
Let h = -6274 - -17024. List the prime factors of h.
2, 5, 43
Let z(u) be the second derivative of u**4/4 + u**3/3 + 5*u**2/2 - 2*u + 13. What are the prime factors of z(11)?
2, 3, 5, 13
Let p(q) be the second derivative of -5*q**4/3 + 5*q**3/6 - 2*q**2 - 32*q. Let v(w) be the first derivative of p(w). List the prime factors of v(-4).
3, 5, 11
Let h be 5404/(-8)*(-4)/7. Let v = h + -159. Let r = 360 - v. List the prime factors of r.
7, 19
Let j be 42*(4 + 18/(-4)). What are the prime factors of ((-56259)/6)/j + (-1)/2?
2, 223
Suppose y = -2*p - 105, 39*p = y + 40*p + 103. Suppose 0 = -5*q - 25, 0 = -c - 2*q - 4 + 9. What are the prime factors of ((-5)/c)/((-2)/(-6))*y?
101
Let f(p) = 3*p - 8. Let m be f(15). Let o = m - 22. Suppose 0 = 18*l - o*l - 156. What are the prime factors of l?
2, 13
Let i be ((-260)/16)/(1/12). Let g = i + 326. What are the prime factors of g?
131
Suppose -5*l + 95 = 5*n - 7*n, -4*n = 3*l - 83. Suppose -12*a = l*a - 14586. What are the prime factors of a?
2, 13, 17
Let k(m) = 19 + 9*m**2 - m + 0*m**2 - 2*m**3 + m**3. Suppose -38*u = -25*u - 104. What are the prime factors of k(u)?
3, 5
Let a(g) = 3*g**2 + g. Let r be a(-18). Let f = -564 + r. Let l = -221 + f. What are the prime factors of l?
13
Let m(h) be the third derivative of -83*h**6/120 - h**5/60 + h**4/12 - 2*h**3/3 - 68*h**2. What are the prime factors of m(-2)?
2, 163
Suppose -3*m - 10 = 2*t + 3*t, -3*m + 5 = 2*t. Suppose -2*g = m*x - x + 1984, 0 = -3*g - 6. What are the prime factors of (-1)/(x/123 - -4)?
41
What are the prime factors of (-10*72/(-135)*-130)/((-2)/39)?
2, 5, 13
Let f = -1420 - -2126. Suppose -3*a + 6*r - 5*r + f = 0, 0 = -a + r + 238. What are the prime factors of a?
2, 3, 13
Suppose 0 = -2*t - 28*x + 33*x + 72490, -4*t = x - 145046. What are the prime factors of t?
2, 5, 7, 37
Let w(q) = 5*q**2 + q**3 + 2*q + 14*q**2 + 2*q + 7*q - 3. What are the prime factors of w(-16)?
19, 31
Suppose 0 = 5*k + 5*n - 31225, -14*k - 18760 = -17*k + 2*n. List the prime factors of k.
2, 5
Suppose 3*x = 5*s + 135304, 5*x - 7*s + 3*s - 225498 = 0. List the prime factors of x.
2, 22549
Suppose 2*s + 68790 = 5*b, -3*b = -b - 4*s - 27500. List the prime factors of b.
2, 5, 43
Suppose 5*r = -v - v + 285, 4*v - 4*r - 528 = 0. Suppose 0 = 3*k - 3*p + v, -46 = -5*k + 6*k - 2*p. Let f = 104 + k. What are the prime factors of f?
2, 3, 5
Let t(w) = 188*w - 23. What are the prime factors of t(6)?
5, 13, 17
List the prime factors of (3854/(-141))/(8355/8361 + -1).
41, 929
Let d(f) = 82*f - 902. Let c be d(11). Let s(r) = -2*r - 6. Let z be s(-4). Suppose c = z*i - 4*y - 36, 5*y = i + 4*y - 13. What are the prime factors of i?
2
Let m = 66 + -44. Let a = 44 + -44. Suppose a = 27*h - m*h - 365. List the prime factors of h.
73
What are the prime factors of (5 - 4/(-4)) + 35238 + 12?
2, 3, 13, 113
Suppose g = -5*m + 50019, -2*g = -2*m - 0*g + 19998. List the prime factors of m.
7, 1429
What are the prime factors of (140427/(-14) + 1)/(7/(-2) - -3)?
13, 1543
Suppose 32*k - 35*k = -4*a - 14444, 4*k - 4*a = 19260. What are the prime factors of k?
2, 7, 43
Let n(h) be the second derivative of h**4/6 - h**3/2 + 13*h**2 - 3*h + 4. What are the prime factors of n(10)?
2, 7
List the prime factors of 3 + 101217/21 - 57/(-399).
7, 13, 53
What are the prime factors of (-24)/432 + 593174/36?
16477
Suppose -5*l - 31 = -4*b - 8*l, -4*b = -3*l - 1. What are the prime factors of b + 8/(72/549)?
5, 13
Let s = -65951 - -104984. List the prime factors of s.
3, 4337
Let d = 381 + -370. Suppose 20 = -6*j + 10*j. Suppose -j*p = -d*p + 1722. What are the prime factors of p?
7, 41
Suppose 25*w + 62384 = 287184. What are the prime factors of w?
2, 281
Suppose -5*k - 6718 = 2*w - 22470, -4*k = 3*w - 12603. What are the prime factors of k?
2, 3, 5, 7
Suppose -4*o = 2*p, 0*p - 3*p + 11 = -5*o. Suppose p*y - 190 = 3*y. Let r = -118 - y. List the prime factors of r.
2, 3
Let s(m) = 273*m - 443. List the prime factors of s(7).
2, 367
Let c(f) = -8*f**2 - 5*f + 8. Let u be c(4). Let m = 1049 - u. What are the prime factors of m?
29, 41
Suppose 0 = -6*x + 4224 + 4776. Let s = -737 + x. What are the prime factors of s?
7, 109
Let k = -57 - -60. Suppose -2*x - k*x + 10 = 0. Suppose -f - x*f + 2*r + 203 = 0, -3*f = r - 218. List the prime factors of f.
71
Let l = 3829 + 6550. What are the prime factors of l?
97, 107
Let u(q) = 26*q - 52. Let x = -324 - -352. What are the prime factors of u(x)?
2, 13
Let n(s) = s**3 + 7*s**2 - 10*s - 10. Let y be n(-8). Suppose 138 + 258 = -y*o. What are the prime factors of 10 - 13 - (o - 1)?
2
Suppose 10509 = 4*x + 609. What are the prime factors of x?
3, 5, 11
What are the prime factors of ((-57130)/(-3))/(30/45 - 0)?
5, 29, 197
Let r be (56/(-7))/8 + 1. Suppose r = 5*s - 5, 4*d + d = s + 2369. What are the prime factors of d?
2, 3, 79
Suppose 111*q = 94*q + 238884. List the prime factors of q.
2, 3, 1171
Let g be (-41 - -31)*2/(-4). Suppose -g*u + p + 3*p + 1896 = 0, 2*u = -p + 748. List the prime factors of u.
2, 47
Suppose s - 6*s = 465. Let u be (-10)/(-55) + (-1)/(11/(-30